alse
Is 108034441 a prime number?
False
Is 254951339 prime?
True
Is 109297241 a prime number?
True
Is 5377529 prime?
True
Is 19135771 a prime number?
False
Is 796678 prime?
False
Is 571397133 a prime number?
False
Is 25445951 composite?
False
Is 22729661 a prime number?
False
Is 263669323 a composite number?
False
Is 392201 a composite number?
False
Is 457394501 a prime number?
True
Is 5222237 a composite number?
False
Is 93366833 a prime number?
False
Is 446267639 prime?
True
Is 109594399 prime?
False
Is 35390653 a prime number?
False
Is 63501301 a prime number?
True
Is 29551943 a prime number?
True
Is 24837271 prime?
True
Is 129169 composite?
False
Is 71906891 a composite number?
True
Is 7451071 a prime number?
True
Is 20452567 a composite number?
True
Is 6808861 composite?
False
Is 63569969 a composite number?
False
Is 128522959 prime?
True
Is 4808003 a prime number?
True
Is 30825031 prime?
False
Is 11560231 prime?
True
Is 23254447 a composite number?
False
Is 14161813 composite?
True
Is 81243637 a prime number?
False
Is 8596333 a composite number?
False
Is 5217949 prime?
False
Is 3709631 a composite number?
False
Is 933329 a composite number?
False
Is 1335671 composite?
True
Is 7244647 a prime number?
True
Is 1034549 a prime number?
True
Is 348757667 a composite number?
False
Is 36492731 prime?
False
Is 27649271 a prime number?
False
Is 109289 a composite number?
True
Is 5330293 composite?
False
Is 9839419 prime?
False
Is 395817313 a composite number?
True
Is 61566591 composite?
True
Is 48823999 a prime number?
False
Is 492491 a prime number?
True
Is 4859123 prime?
True
Is 13200037 composite?
True
Is 3327178 a prime number?
False
Is 5485537 a prime number?
True
Is 62760773 prime?
True
Is 10293617 composite?
True
Is 2957971 prime?
False
Is 42356473 prime?
False
Is 240647581 prime?
True
Is 6740161 prime?
False
Is 6149119 a prime number?
False
Is 9348083 prime?
True
Is 1229219 composite?
True
Is 21660679 a composite number?
True
Is 1077961 prime?
False
Is 1422547 composite?
True
Is 520981 prime?
True
Is 380487157 prime?
True
Is 70717 prime?
True
Is 11024821 a composite number?
False
Is 3414949 a composite number?
True
Is 1540465 a composite number?
True
Is 77002881 a composite number?
True
Is 231675239 a composite number?
True
Is 384405179 a prime number?
False
Is 26321377 a prime number?
True
Is 142430947 a prime number?
False
Is 47563 prime?
True
Is 9687281 a prime number?
True
Is 146621063 a composite number?
False
Is 1055543 composite?
False
Is 86122081 a prime number?
True
Is 4914797 a prime number?
True
Is 242551 a prime number?
True
Is 613463 prime?
True
Is 29949173 a prime number?
False
Is 13008881 a composite number?
False
Is 16827961 composite?
False
Is 3436757 prime?
True
Is 1490383 a composite number?
True
Is 1061951545 a composite number?
True
Is 6022663 a composite number?
False
Is 186728491 a composite number?
False
Is 149347889 prime?
False
Is 105691637 prime?
False
Is 85895111 a composite number?
True
Is 99843707 prime?
False
Is 7023799 composite?
False
Is 4501217 composite?
True
Is 678735871 prime?
False
Is 727049 a prime number?
True
Is 61032219 prime?
False
Is 23808013 a composite number?
True
Is 536898741 composite?
True
Is 155791687 a composite number?
False
Is 2183107 composite?
False
Is 22430063 composite?
True
Is 8449097 a composite number?
False
Is 2971517 a composite number?
True
Is 46513583 composite?
False
Is 352673407 composite?
False
Is 478695407 prime?
True
Is 36729227 composite?
False
Is 86578165 composite?
True
Is 85764451 a composite number?
False
Is 197387213 a composite number?
True
Is 94803967 a prime number?
False
Is 17174065 prime?
False
Is 40240007 a composite number?
False
Is 25476229 composite?
False
Is 4778239 prime?
False
Is 383099 a composite number?
False
Is 248851 a composite number?
False
Is 1759241 a composite number?
True
Is 709469 a prime number?
True
Is 11682361 a prime number?
True
Is 2920427 a prime number?
True
Is 512963527 prime?
True
Is 204917177 a composite number?
False
Is 481097291 prime?
True
Is 291556381 a composite number?
True
Is 118908169 a composite number?
False
Is 365651201 a prime number?
False
Is 37394593 a prime number?
True
Is 10692757 a prime number?
True
Is 104161 a prime number?
True
Is 4628801 a composite number?
True
Is 248974373 prime?
True
Is 8612107 prime?
False
Is 19307693 prime?
True
Is 183708071 prime?
False
Is 3010457 prime?
True
Is 14655679 prime?
True
Is 2234741 a prime number?
True
Is 13009547 composite?
True
Is 173399 a composite number?
True
Is 70814399 a composite number?
False
Is 239027483 composite?
True
Is 70026599 composite?
False
Is 18313621 composite?
True
Is 30548603 composite?
True
Is 5091059 a prime number?
False
Is 19167661 composite?
False
Is 41161711 a prime number?
False
Is 5310611 a composite number?
False
Is 590183 prime?
False
Is 15257899 composite?
True
Is 35111171 composite?
True
Is 1209029 a composite number?
False
Is 5676059 composite?
True
Is 3779921 composite?
False
Is 1607491 a prime number?
True
Is 91107635 composite?
True
Is 20989574 a composite number?
True
Is 16337497 a composite number?
True
Is 18732781 prime?
False
Is 23633113 prime?
False
Is 4699677 a composite number?
True
Is 1185361 a composite number?
False
Is 47305567 a composite number?
True
Is 5534117 composite?
False
Is 682531 prime?
True
Is 4862699 a prime number?
True
Is 10470541 a prime number?
True
Is 158732465 composite?
True
Is 1057487 a prime number?
True
Is 7417819 a composite number?
True
Is 301123 a composite number?
False
Is 155720119 composite?
True
Is 10723261 composite?
False
Is 1498921 a composite number?
False
Is 133667321 composite?
True
Is 1069349 a prime number?
True
Is 244525849 a composite number?
True
Is 278031841 a composite number?
True
Is 12497747 a composite number?
True
Is 1908749 a prime number?
True
Is 2989757 a prime number?
True
Is 1699177 prime?
True
Is 3712433 a prime number?
False
Is 788309 a prime number?
True
Is 70359193 prime?
True
Is 39647771 a prime number?
True
Is 15434773 a prime number?
False
Is 247205207 prime?
True
Is 290497 a prime number?
True
Is 170847553 a composite number?
False
Is 113097961 a composite number?
False
Is 7048169 composite?
True
Is 47988299 composite?
True
Is 14152343 a prime number?
False
Is 69668477 composite?
False
Is 50607989 a composite number?
True
Is 93523 prime?
True
Is 26072887 a composite number?
False
Is 12994343 composite?
False
Is 16123447 composite?
False
Is 1237767 composite?
True
Is 30328603 composite?
True
Is 114814649 a composite number?
True
Is 827969 prime?
True
Is 1601423 composite?
False
Is 18390747 a prime number?
False
Is 22685573 prime?
False
Is 24141958 composite?
True
Is 30097819 a prime number?
True
Is 2987927 a prime number?
False
Is 4710053 a prime number?
True
Is 23739211 a prime number?
False
Is 350107931 a prime number?
True
Is 7101271 a prime number?
True
Is 169581759 a prime number?
False
Is 97817983 composite?
True
Is 2897341 a prime number?
True
Is 229157377 composite?
False
Is 19064621 composite?
False
Is 93004267 a composite number?
False
Is 10034963 a prime number?
True
Is 938233 prime?
True
Is 5122631 prime?
True
Is 60942351 composite?
True
Is 1125193 a prime number?
True
Is 4581581 composite?
False
Is 58519879 a composite number?
True
Is 115699057 composite?
False
Is 11335133 a composite number?
True
Is 9130019 a composite number?
False
Is 487779 a prime number?
False
Is 1821101 a composite number?
False
Is 6945857 a composite number?
False
Is 22446733 a composite number?
True
Is 128979679 composite?
True
Is 5771695 composite?
True
Is 371892067 prime?
True
Is 2542511 a composite number?
False
Is 123040895 a prime number?
False
Is 10994241 a composite number?
True
Is 173473 composite?
False
Is 1649329 composite?
True
Is 54075571 composite?
True
Is 3882901 a composite number?
True
Is 663959 a composite number?
False
Is 11441461 a composite number?
True
Is 4454635 composite?
True
Is 11941691 prime?
True
Is 11392697 a prime number?
True
Is 15466873 composite?
False
Is 66281 prime?
False
Is 8172811 prime?
False
Is 2240341 a prime number?
True
Is 2703613 composite?
True
Is 20990037 prime?
False
Is 4860269 a composite number?
False
Is 7123057 prime?
True
Is 3109650